e
Is 123289 composite?
False
Is 2196841 a composite number?
False
Is 33674155 a composite number?
True
Is 60720217 composite?
True
Is 240504631 a prime number?
True
Is 29643829 prime?
False
Is 51866939 a prime number?
True
Is 6788521 composite?
False
Is 2449702 prime?
False
Is 99330797 composite?
False
Is 2565601 a prime number?
False
Is 197885221 prime?
True
Is 11014571 composite?
True
Is 263501233 a prime number?
True
Is 13086599 a composite number?
False
Is 63541003 prime?
True
Is 41908241 a composite number?
True
Is 31616839 a composite number?
False
Is 19723453 prime?
True
Is 17221745 a composite number?
True
Is 29777669 prime?
True
Is 169974499 a composite number?
False
Is 20557571 prime?
True
Is 36777893 composite?
False
Is 1548737 composite?
True
Is 7397063 composite?
False
Is 26441861 a prime number?
False
Is 56756237 a composite number?
True
Is 12050587 prime?
True
Is 6601013 composite?
False
Is 43715669 a prime number?
False
Is 8871019 a prime number?
True
Is 394274113 prime?
True
Is 194998333 a composite number?
False
Is 8114237 prime?
False
Is 3670883 a prime number?
True
Is 232774711 composite?
True
Is 54106901 a prime number?
True
Is 3774541 a prime number?
False
Is 6143353 a composite number?
False
Is 12038101 composite?
False
Is 31382303 prime?
False
Is 17868401 prime?
False
Is 95909579 prime?
True
Is 15686849 a prime number?
True
Is 51327323 a prime number?
True
Is 518800367 a prime number?
True
Is 14090887 a prime number?
True
Is 150048311 a prime number?
False
Is 22835809 prime?
False
Is 44938579 prime?
False
Is 11398091 a prime number?
True
Is 10274401 a prime number?
True
Is 12444389 a composite number?
False
Is 115333942 a prime number?
False
Is 98870407 a composite number?
False
Is 435433667 a composite number?
False
Is 6579401 a prime number?
True
Is 11583671 composite?
True
Is 151490337 a prime number?
False
Is 140192627 a composite number?
False
Is 1441738 prime?
False
Is 31726291 a prime number?
True
Is 1626502 a composite number?
True
Is 1343671 prime?
False
Is 837933 composite?
True
Is 7980911 a composite number?
False
Is 27437321 a prime number?
False
Is 26080429 a composite number?
False
Is 49842887 a composite number?
False
Is 456046147 composite?
True
Is 1005359 composite?
False
Is 56036501 prime?
True
Is 7923187 prime?
True
Is 1879781 composite?
False
Is 57294803 a prime number?
True
Is 14147027 a prime number?
True
Is 11673367 a composite number?
False
Is 8562629 composite?
False
Is 7354423 a prime number?
True
Is 794272177 a prime number?
True
Is 36604871 prime?
True
Is 5557723 composite?
False
Is 731782483 composite?
False
Is 4063219 a composite number?
True
Is 9638113 prime?
True
Is 1266511 prime?
True
Is 114575603 composite?
False
Is 97715803 prime?
False
Is 26351057 a prime number?
True
Is 24692921 a prime number?
False
Is 5326127 a prime number?
True
Is 834451 a composite number?
True
Is 2035343 a prime number?
True
Is 6368519 a prime number?
False
Is 34127233 composite?
True
Is 61683941 prime?
False
Is 14096701 a composite number?
False
Is 157401989 composite?
False
Is 998312279 a composite number?
False
Is 15463867 a composite number?
False
Is 11341897 a prime number?
False
Is 5320049 a composite number?
True
Is 4198049 a prime number?
True
Is 821831449 a composite number?
True
Is 76946693 a prime number?
False
Is 9314917 composite?
False
Is 13710479 a composite number?
True
Is 1130471317 a prime number?
True
Is 6067617 prime?
False
Is 234958067 prime?
True
Is 806602 composite?
True
Is 8041457 prime?
True
Is 9354547 a prime number?
True
Is 192013 prime?
True
Is 371190367 a composite number?
True
Is 6514993 composite?
False
Is 6758201 a prime number?
True
Is 133234586 composite?
True
Is 5843363 a composite number?
False
Is 488051 composite?
False
Is 455406733 a composite number?
False
Is 56545147 composite?
True
Is 7532111 a composite number?
True
Is 1794071893 a prime number?
False
Is 2255177 composite?
True
Is 22308457 a composite number?
False
Is 228652271 a prime number?
False
Is 42373 a composite number?
False
Is 157214401 a prime number?
True
Is 650347 prime?
True
Is 37463521 composite?
False
Is 937747 a composite number?
False
Is 167521 a prime number?
True
Is 121843451 composite?
False
Is 11238043 a composite number?
True
Is 82360313 a prime number?
False
Is 333563 a prime number?
True
Is 6207833 a prime number?
False
Is 140641457 a composite number?
True
Is 6499829 composite?
True
Is 35708609 composite?
True
Is 37503779 a composite number?
True
Is 938341 composite?
False
Is 354767073 composite?
True
Is 199622629 a composite number?
False
Is 93538297 prime?
True
Is 8062501 prime?
True
Is 296070323 prime?
False
Is 322717678 a prime number?
False
Is 3805286 a prime number?
False
Is 20607817 prime?
True
Is 4191917 a prime number?
False
Is 7063799 a prime number?
True
Is 3932377 a composite number?
False
Is 1238557 a prime number?
False
Is 109214585 prime?
False
Is 41809849 a composite number?
False
Is 17851781 prime?
True
Is 5621347 a composite number?
True
Is 375898099 prime?
True
Is 10036457 a prime number?
True
Is 1009687 a prime number?
False
Is 3136439 a prime number?
False
Is 376793057 prime?
False
Is 337516639 a composite number?
True
Is 1922441 a prime number?
False
Is 205943 a prime number?
False
Is 34876883 prime?
False
Is 72725441 a composite number?
True
Is 12745739 a prime number?
True
Is 4299089 prime?
True
Is 32958397 a prime number?
True
Is 21837889 a prime number?
True
Is 640414499 prime?
False
Is 7809433 a composite number?
False
Is 166952498 composite?
True
Is 36374762 a prime number?
False
Is 111619633 a prime number?
False
Is 78160793 composite?
True
Is 35945405 a composite number?
True
Is 15345467 a composite number?
False
Is 17865221 a composite number?
True
Is 353291 a composite number?
True
Is 13479053 prime?
False
Is 4158509 prime?
False
Is 181253 prime?
True
Is 1301167731 a prime number?
False
Is 2695523 a prime number?
True
Is 27711577 prime?
True
Is 187773477 composite?
True
Is 5249297 a prime number?
True
Is 492757 a composite number?
False
Is 11936527 composite?
True
Is 23555165 prime?
False
Is 40498 composite?
True
Is 18595121 a prime number?
False
Is 45940451 a prime number?
True
Is 16972223 a composite number?
False
Is 687704663 prime?
True
Is 226077053 prime?
True
Is 394417 prime?
False
Is 119533087 prime?
False
Is 388153279 prime?
False
Is 74584297 a prime number?
False
Is 351142315 a prime number?
False
Is 7266683 prime?
False
Is 249606263 a composite number?
False
Is 80883647 a composite number?
True
Is 117730181 a prime number?
False
Is 7169551 a prime number?
True
Is 1621199 a prime number?
False
Is 134083597 a prime number?
False
Is 300569 a prime number?
True
Is 26778701 composite?
False
Is 11260619 composite?
False
Is 26545387 a prime number?
False
Is 911177 a prime number?
False
Is 5125361 composite?
True
Is 2813113 a prime number?
False
Is 1955677 composite?
True
Is 729451 a prime number?
True
Is 16893511 a prime number?
True
Is 14583683 composite?
False
Is 7168991 a composite number?
False
Is 778923811 composite?
False
Is 72347879 prime?
False
Is 49433701 prime?
True
Is 64767149 prime?
False
Is 80371807 a prime number?
False
Is 66420793 composite?
False
Is 4360282 a prime number?
False
Is 35743891 a prime number?
True
Is 51472543 composite?
False
Is 29100781 a prime number?
False
Is 75397873 a prime number?
False
Is 122165831 composite?
True
Is 100233277 a prime number?
False
Is 27916913 a composite number?
False
Is 67839 a prime number?
False
Is 8480302 prime?
False
Is 4258833 a composite number?
True
Is 53500501 a composite number?
False
Is 10127911 a prime number?
True
Is 3308609 a composite number?
False
Is 1347685873 composite?
False
Is 41388199 prime?
False
Is 935171 composite?
True
Is 6469361 a prime number?
False
Is 231515467 a prime number?
False
Is 902078 prime?
False
Is 243818413 composite?
True
Is 33391 a prime number?
True
Is 6622961 a prime number?
True
Is 109941803 composite?
False
Is 4376447 prime?
True
Is 16612105 a prime number?
False
Is 1882403 composite?
False
Is 19518403 a prime number?
False
Is 139684547 a prime number?
True
Is 231563623 a composite number?
False
Is 175271 a prime number?
False
Is 1135819 a composite number?